{"id":269,"date":"2022-02-18T08:31:25","date_gmt":"2022-02-18T08:31:25","guid":{"rendered":"http:\/\/ansoldes.com\/?page_id=269"},"modified":"2026-05-09T16:37:15","modified_gmt":"2026-05-09T16:37:15","slug":"noticias","status":"publish","type":"page","link":"http:\/\/ansoldes.com\/index.php\/noticias\/","title":{"rendered":"Noticias"},"content":{"rendered":"\n<p class=\"has-text-align-center\">LA LEGI\u00d3N RONDA: FESTIVIDAD DE SANTIAGO AP\u00d3STOL 2024<\/p>\n\n\n\n<figure class=\"wp-block-embed alignfull is-type-video is-provider-youtube wp-block-embed-youtube wp-embed-aspect-16-9 wp-has-aspect-ratio\"><div class=\"wp-block-embed__wrapper\">\n<iframe loading=\"lazy\" title=\"La Legi\u00f3n Ronda: Festividad de Santiago Ap\u00f3stol 2024\" width=\"580\" height=\"326\" src=\"https:\/\/www.youtube.com\/embed\/8xCin3Om1ms?feature=oembed\" frameborder=\"0\" allow=\"accelerometer; autoplay; clipboard-write; encrypted-media; gyroscope; picture-in-picture; web-share\" referrerpolicy=\"strict-origin-when-cross-origin\" allowfullscreen><\/iframe>\n<\/div><\/figure>\n\n\n\n<div class=\"wp-block-columns alignfull\">\n<div class=\"wp-block-column\">\n<p class=\"has-text-align-center\"><strong>28 DE NOVIEMBRE DE 2023<\/strong><\/p>\n\n\n\n<p class=\"has-drop-cap has-text-align-left\">Esta misma ma\u00f1ana, en Capitan\u00eda General de Sevilla, el Teniente General Jefe de Fuerza Terrestre ha hecho entrega de las <a href=\"https:\/\/24h-schluesseldienst.berlin\/schlusseldienst-berlin-mitte\/\" style=\"color: inherit; text-decoration: none;\"> schl\u00fcsseldienst berlin mitte <\/a> c\u00e9dulas de Embajadores de Marca Ej\u00e9rcito a m\u00ed mismo, Presidente de ANSOLDES, y a nuestro Vicepresidente Benito Mateos. Hemos alcanzado esa distinci\u00f3n por caminos diferentes y relativo a per\u00edodos diferentes, pero a la postre, Presidente y Vicepresidente Embajadores Marca Ej\u00e9rcito !!! \u00a1Viva Espa\u00f1a !!!<\/p>\n<\/div>\n\n\n\n<div class=\"wp-block-column\">\n<div class=\"alignnormal\"><div id=\"metaslider-id-821\" style=\"width: 100%; margin: 0 auto;\" class=\"ml-slider-3-50-0 metaslider metaslider-flex metaslider-821 ml-slider ms-theme-default nav-hidden\" role=\"region\" aria-roledescription=\"Slideshow\" aria-label=\"Nueva presentaci\u00f3n de diapositivas\">\n    <div id=\"metaslider_container_821\">\n        <div id=\"metaslider_821\">\n            <ul aria-live=\"polite\" class=\"slides\">\n                <li style=\"display: block; width: 100%;\" class=\"slide-825 ms-image\" aria-roledescription=\"slide\" aria-label=\"slide-825\"><img src=\"http:\/\/ansoldes.com\/wp-content\/uploads\/2023\/11\/D2-400x400.jpg\" height=\"400\" width=\"400\" alt=\"\" class=\"slider-821 slide-825\" title=\"D2\" \/><\/li>\n                <li style=\"display: none; width: 100%;\" class=\"slide-826 ms-image\" aria-roledescription=\"slide\" aria-label=\"slide-826\"><img src=\"http:\/\/ansoldes.com\/wp-content\/uploads\/2023\/11\/D3-400x400.jpg\" height=\"400\" width=\"400\" alt=\"\" class=\"slider-821 slide-826\" title=\"D3\" \/><\/li>\n                <li style=\"display: none; width: 100%;\" class=\"slide-827 ms-image\" aria-roledescription=\"slide\" aria-label=\"slide-827\"><img src=\"http:\/\/ansoldes.com\/wp-content\/uploads\/2023\/11\/D1-400x400.jpg\" height=\"400\" width=\"400\" alt=\"\" class=\"slider-821 slide-827\" title=\"D1\" \/><\/li>\n            <\/ul>\n        <\/div>\n        \n    <\/div>\n<\/div><\/div>\n<\/div>\n<\/div>\n\n\n\n<div class=\"wp-block-columns alignfull are-vertically-aligned-center has-background\" style=\"background-color:#0071a1\">\n<div class=\"wp-block-column is-vertically-aligned-center has-background\" style=\"background-color:#0071a1\">\n<p class=\"has-text-align-center\"><strong>PROGRAMA CONFERENCIAS GESTAS ESPA\u00d1OLAS (1492 &#8211; 1898)<\/strong><\/p>\n\n\n\n<div class=\"wp-block-image\"><figure class=\"aligncenter size-large\"><img loading=\"lazy\" width=\"1024\" height=\"724\" src=\"http:\/\/ansoldes.com\/wp-content\/uploads\/2023\/01\/Programa-conferencias-GESTAS-ESPAN\u0303OLAS-1492-1898_1-1024x724.jpg\" alt=\"\" class=\"wp-image-680\" srcset=\"http:\/\/ansoldes.com\/wp-content\/uploads\/2023\/01\/Programa-conferencias-GESTAS-ESPAN\u0303OLAS-1492-1898_1-1024x724.jpg 1024w, http:\/\/ansoldes.com\/wp-content\/uploads\/2023\/01\/Programa-conferencias-GESTAS-ESPAN\u0303OLAS-1492-1898_1-300x212.jpg 300w, http:\/\/ansoldes.com\/wp-content\/uploads\/2023\/01\/Programa-conferencias-GESTAS-ESPAN\u0303OLAS-1492-1898_1-768x543.jpg 768w, http:\/\/ansoldes.com\/wp-content\/uploads\/2023\/01\/Programa-conferencias-GESTAS-ESPAN\u0303OLAS-1492-1898_1.jpg 1169w\" sizes=\"(max-width: 1024px) 100vw, 1024px\" \/><\/figure><\/div>\n\n\n\n<div class=\"wp-block-image\"><figure class=\"aligncenter size-large\"><img loading=\"lazy\" width=\"1024\" height=\"724\" src=\"http:\/\/ansoldes.com\/wp-content\/uploads\/2023\/01\/Programa-conferencias-GESTAS-ESPAN\u0303OLAS-1492-1898_2-1024x724.jpg\" alt=\"\" class=\"wp-image-679\" srcset=\"http:\/\/ansoldes.com\/wp-content\/uploads\/2023\/01\/Programa-conferencias-GESTAS-ESPAN\u0303OLAS-1492-1898_2-1024x724.jpg 1024w, http:\/\/ansoldes.com\/wp-content\/uploads\/2023\/01\/Programa-conferencias-GESTAS-ESPAN\u0303OLAS-1492-1898_2-300x212.jpg 300w, http:\/\/ansoldes.com\/wp-content\/uploads\/2023\/01\/Programa-conferencias-GESTAS-ESPAN\u0303OLAS-1492-1898_2-768x543.jpg 768w, http:\/\/ansoldes.com\/wp-content\/uploads\/2023\/01\/Programa-conferencias-GESTAS-ESPAN\u0303OLAS-1492-1898_2.jpg 1169w\" sizes=\"(max-width: 1024px) 100vw, 1024px\" \/><\/figure><\/div>\n<\/div>\n<\/div>\n","protected":false},"excerpt":{"rendered":"<p>LA LEGI\u00d3N RONDA: FESTIVIDAD DE SANTIAGO AP\u00d3STOL 2024 28 DE NOVIEMBRE DE 2023 Esta misma ma\u00f1ana, en Capitan\u00eda General de Sevilla, el Teniente General Jefe de Fuerza Terrestre ha hecho entrega de las schl\u00fcsseldienst berlin mitte c\u00e9dulas de Embajadores de Marca Ej\u00e9rcito a m\u00ed mismo, Presidente de ANSOLDES, y a nuestro Vicepresidente Benito Mateos. Hemos [&hellip;]<\/p>\n","protected":false},"author":1,"featured_media":0,"parent":0,"menu_order":0,"comment_status":"closed","ping_status":"closed","template":"","meta":[],"_links":{"self":[{"href":"http:\/\/ansoldes.com\/index.php\/wp-json\/wp\/v2\/pages\/269"}],"collection":[{"href":"http:\/\/ansoldes.com\/index.php\/wp-json\/wp\/v2\/pages"}],"about":[{"href":"http:\/\/ansoldes.com\/index.php\/wp-json\/wp\/v2\/types\/page"}],"author":[{"embeddable":true,"href":"http:\/\/ansoldes.com\/index.php\/wp-json\/wp\/v2\/users\/1"}],"replies":[{"embeddable":true,"href":"http:\/\/ansoldes.com\/index.php\/wp-json\/wp\/v2\/comments?post=269"}],"version-history":[{"count":14,"href":"http:\/\/ansoldes.com\/index.php\/wp-json\/wp\/v2\/pages\/269\/revisions"}],"predecessor-version":[{"id":270390,"href":"http:\/\/ansoldes.com\/index.php\/wp-json\/wp\/v2\/pages\/269\/revisions\/270390"}],"wp:attachment":[{"href":"http:\/\/ansoldes.com\/index.php\/wp-json\/wp\/v2\/media?parent=269"}],"curies":[{"name":"wp","href":"https:\/\/api.w.org\/{rel}","templated":true}]}}